te the remainder when 66103 is divided by 117.
115
What is the remainder when 270273 is divided by 1212?
1209
Calculate the remainder when 11651 is divided by 448.
3
What is the remainder when 67266 is divided by 319?
276
Calculate the remainder when 6524 is divided by 1211.
469
What is the remainder when 48611 is divided by 1?
0
Calculate the remainder when 396257 is divided by 99061.
13
Calculate the remainder when 722341 is divided by 19.
18
Calculate the remainder when 4492 is divided by 37.
15
Calculate the remainder when 26611 is divided by 3560.
1691
Calculate the remainder when 187278 is divided by 16.
14
Calculate the remainder when 1866 is divided by 373.
1
Calculate the remainder when 302880 is divided by 213.
207
What is the remainder when 1446 is divided by 1062?
384
Calculate the remainder when 16548 is divided by 176.
4
Calculate the remainder when 17609 is divided by 238.
235
What is the remainder when 56954 is divided by 499?
68
What is the remainder when 760 is divided by 240?
40
What is the remainder when 211531 is divided by 53?
8
Calculate the remainder when 684 is divided by 237.
210
What is the remainder when 835501 is divided by 41775?
1
What is the remainder when 1282 is divided by 219?
187
Calculate the remainder when 16161 is divided by 517.
134
What is the remainder when 79492 is divided by 1032?
28
Calculate the remainder when 210711 is divided by 185.
181
Calculate the remainder when 5518 is divided by 45.
28
What is the remainder when 2488 is divided by 447?
253
Calculate the remainder when 43897 is divided by 655.
12
Calculate the remainder when 573988 is divided by 95.
93
What is the remainder when 1226 is divided by 602?
22
What is the remainder when 503029 is divided by 3?
1
Calculate the remainder when 139 is divided by 72.
67
What is the remainder when 26520 is divided by 4416?
24
Calculate the remainder when 2168 is divided by 305.
33
What is the remainder when 3928 is divided by 1295?
43
Calculate the remainder when 11119 is divided by 691.
63
Calculate the remainder when 327299 is divided by 12.
11
What is the remainder when 3663 is divided by 1819?
25
What is the remainder when 22810 is divided by 39?
34
Calculate the remainder when 1871 is divided by 304.
47
What is the remainder when 331478 is divided by 33?
26
Calculate the remainder when 66824 is divided by 16703.
12
What is the remainder when 367160 is divided by 434?
430
Calculate the remainder when 24257 is divided by 99.
2
Calculate the remainder when 3533 is divided by 592.
573
What is the remainder when 39681 is divided by 310?
1
What is the remainder when 2806 is divided by 464?
22
Calculate the remainder when 175850 is divided by 318.
314
Calculate the remainder when 2773 is divided by 948.
877
Calculate the remainder when 7240 is divided by 10.
0
Calculate the remainder when 4806 is divided by 33.
21
What is the remainder when 27632 is divided by 553?
535
What is the remainder when 5511 is divided by 343?
23
Calculate the remainder when 51244 is divided by 12805.
24
What is the remainder when 2401 is divided by 117?
61
Calculate the remainder when 13225 is divided by 474.
427
Calculate the remainder when 6371 is divided by 1268.
31
Calculate the remainder when 12970 is divided by 6481.
8
Calculate the remainder when 34487 is divided by 33.
2
Calculate the remainder when 28870 is divided by 156.
10
What is the remainder when 396230 is divided by 16?
6
What is the remainder when 13236 is divided by 6551?
134
What is the remainder when 32059 is divided by 1687?
6
Calculate the remainder when 7569 is divided by 7489.
80
What is the remainder when 51720 is divided by 1618?
1562
Calculate the remainder when 7380 is divided by 151.
132
What is the remainder when 26019 is divided by 83?
40
What is the remainder when 10288 is divided by 3423?
19
What is the remainder when 70438 is divided by 70287?
151
What is the remainder when 6508 is divided by 2161?
25
What is the remainder when 275167 is divided by 14482?
9
Calculate the remainder when 195520 is divided by 68.
20
What is the remainder when 2584254 is divided by 559?
556
What is the remainder when 38398 is divided by 1097?
3
Calculate the remainder when 9422 is divided by 2352.
14
Calculate the remainder when 6950727 is divided by 59.
55
What is the remainder when 113088 is divided by 253?
250
What is the remainder when 11216 is divided by 1852?
104
What is the remainder when 18074 is divided by 17334?
740
Calculate the remainder when 1316258 is divided by 17.
16
What is the remainder when 6079 is divided by 64?
63
What is the remainder when 8528 is divided by 135?
23
Calculate the remainder when 5261 is divided by 189.
158
Calculate the remainder when 6617 is divided by 1391.
1053
Calculate the remainder when 57967 is divided by 62.
59
What is the remainder when 55890 is divided by 102?
96
Calculate the remainder when 61745 is divided by 123.
122
What is the remainder when 62815 is divided by 997?
4
What is the remainder when 314233 is divided by 78555?
13
Calculate the remainder when 3353 is divided by 946.
515
What is the remainder when 499585 is divided by 788?
781
What is the remainder when 1947 is divided by 477?
39
What is the remainder when 25432 is divided by 317?
72
Calculate the remainder when 13413 is divided by 335.
13
Calculate the remainder when 71910 is divided by 248.
238
Calculate the remainder when 7971 is divided by 7967.
4
Calculate the remainder when 4026 is divided by 10.
6
Calculate the remainder when 10860 is divided by 3570.
150
What is the remainder when 1416447 is divided by 11?
10
Calculate the remainder when 14098 is divided by 1086.
1066
What is the remainder when 1138 is divided by 489?
160
Calculate the remainder when 11367 is divided by 405.
27
What is the remainder when 574537 is divided by 23?
20
Calculate the remainder when 2229 is divided by 251.
221
What is the remainder when 960 is divided by 238?
8
Calculate the remainder when 11421 is divided by 1267.
18
Calculate the remainder when 99553 is divided by 33126.
175
What is the remainder when 64367 is divided by 27?
26
What is the remainder when 53908 is divided by 53771?
137
Calculate the remainder when 46031 is divided by 112.
111
Calculate the remainder when 1637 is divided by 337.
289
What is the remainder when 1992 is divided by 142?
4
What is the remainder when 6571 is divided by 261?
46
What is the remainder when 104799 is divided by 400?
399
What is the remainder when 7640 is divided by 3499?
642
What is the remainder when 5268 is divided by 52?
16
What is the remainder when 1515 is divided by 1314?
201
Calculate the remainder when 14724 is divided by 104.
60
What is the remainder when 8304 is divided by 2759?
27
What is the remainder when 73748 is divided by 18?
2
Calculate the remainder when 10769 is divided by 3476.
341
Calculate the remainder when 902 is divided by 56.
6
Calculate the remainder when 41497 is divided by 1810.
1677
Calculate the remainder when 1598 is divided by 224.
30
What is the remainder when 2595 is divided by 113?
109
What is the remainder when 66539 is divided by 14?
11
What is the remainder when 6100 is divided by 367?
228
Calculate the remainder when 36849 is divided by 354.
33
What is the remainder when 25180 is divided by 4196?
4
Calculate the remainder when 779 is divided by 748.
31
What is the remainder when 2109 is divided by 16?
13
Calculate the remainder when 480787 is divided by 34.
27
Calculate the remainder when 661 is divided by 440.
221
What is the remainder when 64075 is divided by 36?
31
Calculate the remainder when 17981 is divided by 17839.
142
What is the remainder when 5690 is divided by 53?
19
Calculate the remainder when 20020 is divided by 1207.
708
Calculate the remainder when 643411 is divided by 727.
16
Calculate the remainder when 119133 is divided by 14891.
5
What is the remainder when 51929 is divided by 46?
41
What is the remainder when 468 is divided by 2?
0
What is the remainder when 672445 is divided by 152?
149
Calculate the remainder when 26550 is divided by 38.
26
Calculate the remainder when 35855 is divided by 2223.
287
What is the remainder when 165735 is divided by 46?
43
Calculate the remainder when 24873 is divided by 28.
9
Cal